number?
True
Is 8051777551 composite?
True
Is 14255913299 prime?
True
Is 604537855 prime?
False
Is 3889787723 a composite number?
False
Is 22653667819 a composite number?
True
Is 8196484211 a prime number?
True
Is 2580613691 composite?
True
Is 687583733 a prime number?
True
Is 6512303482 prime?
False
Is 1252229609 a prime number?
True
Is 1251779533 a composite number?
False
Is 44183341997 a prime number?
True
Is 3230445139 a prime number?
False
Is 45356927687 a composite number?
True
Is 208205237 a composite number?
True
Is 34099001527 a prime number?
True
Is 1567565963 a composite number?
False
Is 23259270206 a composite number?
True
Is 6462985241 a prime number?
True
Is 922407841 a composite number?
True
Is 329341787 a prime number?
False
Is 16040929817 a prime number?
False
Is 3958695841 a prime number?
True
Is 2896690729 a prime number?
False
Is 82341154369 composite?
True
Is 14396614693 a composite number?
False
Is 221470258957 a composite number?
False
Is 10319094547 prime?
True
Is 46821888851 a prime number?
False
Is 15734210509 a composite number?
False
Is 40396283959 a composite number?
True
Is 17281830823 composite?
False
Is 8275871489 a composite number?
True
Is 1001667439 prime?
False
Is 2950819253 a prime number?
False
Is 19470192473 composite?
True
Is 31159302541 composite?
False
Is 1488392063 composite?
False
Is 40665667787 composite?
False
Is 134985668153 composite?
True
Is 25902095447 a prime number?
True
Is 5996547811 a prime number?
True
Is 6195745271 a composite number?
False
Is 1446257107 prime?
True
Is 3758735723 a prime number?
True
Is 235191701 a composite number?
False
Is 111209998271 prime?
True
Is 2525903 composite?
True
Is 1859571709 prime?
True
Is 663016583 a prime number?
True
Is 47085917 a prime number?
False
Is 8191124041 composite?
False
Is 635097586 a composite number?
True
Is 178839757 composite?
False
Is 1090450811 a composite number?
False
Is 558103246 a prime number?
False
Is 3509037293 a composite number?
True
Is 1678472377 prime?
True
Is 10974488759 prime?
False
Is 142091458043 a composite number?
False
Is 41815567 composite?
False
Is 587964071 prime?
True
Is 285749771 a composite number?
False
Is 40515297721 composite?
True
Is 3081258097 prime?
True
Is 1688405167 composite?
True
Is 3632331407 a composite number?
True
Is 1931436293 a composite number?
True
Is 17271254687 a composite number?
False
Is 14043203374 prime?
False
Is 2664786919 a composite number?
False
Is 5940262117 a prime number?
False
Is 204687877 prime?
False
Is 7715751763 composite?
False
Is 25163691541 a composite number?
False
Is 19533489317 composite?
False
Is 47055684545 a composite number?
True
Is 55161109 a prime number?
True
Is 85576447 a prime number?
False
Is 7084836119 prime?
False
Is 324356959 composite?
True
Is 1091802773 prime?
False
Is 5926462757 prime?
True
Is 118990253947 prime?
True
Is 2913158627 a composite number?
False
Is 211475873 a prime number?
False
Is 1554664801 composite?
False
Is 3001078001 a composite number?
True
Is 88060654661 composite?
True
Is 7769813 prime?
True
Is 102241159247 a prime number?
True
Is 213749731 a composite number?
True
Is 417958999 a prime number?
True
Is 6418956361 a composite number?
True
Is 17367388067 prime?
False
Is 1641589067 composite?
True
Is 633403531 prime?
False
Is 3411211997 a prime number?
True
Is 2945454649 a prime number?
True
Is 12677875979 prime?
True
Is 20673497051 composite?
False
Is 52523851663 prime?
True
Is 4688956993 composite?
True
Is 225096329 composite?
False
Is 19868750467 a prime number?
True
Is 160599504319 a prime number?
True
Is 34369869113 a composite number?
False
Is 17960207 prime?
False
Is 870947494 a prime number?
False
Is 80670515413 a prime number?
False
Is 78852308351 prime?
False
Is 21218150431 composite?
True
Is 8051190013 prime?
False
Is 456914669 a prime number?
False
Is 132278201761 composite?
True
Is 8559286303 a prime number?
True
Is 381226133 composite?
True
Is 426868327 a composite number?
False
Is 554901047 a composite number?
False
Is 487034281 a prime number?
False
Is 10718631493 a prime number?
True
Is 236117129893 a prime number?
True
Is 32520224329 a composite number?
True
Is 983826169 composite?
False
Is 126277420207 composite?
False
Is 9302021273 a composite number?
True
Is 14374108267 composite?
True
Is 74275384957 a prime number?
True
Is 7264046527 prime?
False
Is 2523425767 a prime number?
False
Is 79743043657 composite?
True
Is 9469163251 a composite number?
True
Is 206581901 a prime number?
True
Is 533762087 a prime number?
True
Is 6837848299 prime?
True
Is 1084093831 composite?
True
Is 119734763 a composite number?
True
Is 104157461 a composite number?
False
Is 15944975413 prime?
False
Is 16159148593 a composite number?
True
Is 5159946611 a composite number?
False
Is 1800393031 a composite number?
False
Is 15811574239 a composite number?
True
Is 3237691467 prime?
False
Is 107559379 composite?
False
Is 9403160737 a prime number?
True
Is 390556219 prime?
False
Is 138017523923 composite?
True
Is 35965428559 a composite number?
False
Is 1625309551 a composite number?
True
Is 45171204059 a composite number?
False
Is 12513184157 composite?
True
Is 46300278247 a prime number?
True
Is 4697647207 a prime number?
False
Is 14891330029 composite?
True
Is 52428322307 composite?
True
Is 4378478633 a prime number?
True
Is 1615853653 a prime number?
True
Is 168240341 prime?
True
Is 3080660081 a composite number?
False
Is 3031595081 composite?
True
Is 15373399 a composite number?
True
Is 1137977663 composite?
True
Is 148875473827 a prime number?
True
Is 30286177 composite?
False
Is 4862359727 prime?
False
Is 1516160237 composite?
False
Is 1413195937 prime?
True
Is 598316363 composite?
True
Is 581544641 a composite number?
False
Is 248600852263 composite?
False
Is 3634274407 a composite number?
False
Is 430355059 composite?
True
Is 1720752949 a composite number?
False
Is 964077337 a prime number?
True
Is 193502084863 a composite number?
False
Is 307736419 a prime number?
True
Is 319567033 a prime number?
False
Is 27594415397 a composite number?
False
Is 311928252249 a composite number?
True
Is 438409801 a composite number?
False
Is 261099911 a prime number?
True
Is 1457152337 a prime number?
False
Is 136312249 a composite number?
True
Is 28980236833 a composite number?
False
Is 2321847623 composite?
False
Is 11220089339 composite?
False
Is 181922471182 prime?
False
Is 10866866657 a prime number?
True
Is 6297951811 prime?
False
Is 7864159207 prime?
True
Is 72598399 a prime number?
False
Is 4790390443 composite?
False
Is 1680988147 composite?
True
Is 67563403359 prime?
False
Is 77410618199 prime?
True
Is 6815847149 prime?
True
Is 1155196619 composite?
False
Is 1252387663 prime?
False
Is 140686823 a prime number?
False
Is 791494903 prime?
False
Is 4403476639 a prime number?
True
Is 56198711923 a composite number?
False
Is 66857780053 prime?
True
Is 2064201959 prime?
False
Is 220211247143 composite?
True
Is 3151026037 a prime number?
True
Is 5252736427 composite?
False
Is 18623249737 prime?
False
Is 1387366093 prime?
True
Is 43476943 a prime number?
True
Is 31033960589 a prime number?
True
Is 533783251 a prime number?
False
Is 304786217 prime?
False
Is 55759310729 a composite number?
False
Is 13632114565 prime?
False
Is 324933293 a composite number?
True
Is 46811319271 prime?
False
Is 189492847 composite?
False
Is 236032721 prime?
True
Is 7910249161 a composite number?
False
Is 30057648199 prime?
False
Is 169606483231 composite?
False
Is 66242699267 a composite number?
False
Is 68602343651 a composite number?
True
Is 375696401 prime?
True
Is 99071186 prime?
False
Is 8824666219 a prime number?
False
Is 695785451 composite?
True
Is 2003280145 a prime number?
False
Is 19897092641 composite?
False
Is 56734804409 prime?
True
Is 10657413017 prime?
True
Is 62726547602 a prime number?
False
Is 38292422569 a composite number?
True
Is 636748403 prime?
True
Is 1064892313 composite?
True
Is 1243898561 composite?
False
Is 20102796407 a composite number?
False
Is 144997843 a prime number?
True
Is 2019229799 prime?
False
Is 1844755817 composite?
False
Is 1957143649 a prime number?
False
Is 1127777771 a prime number?
True
Is 22908679022 a composite number?
True